{"id":165,"date":"2012-05-07T09:39:45","date_gmt":"2012-05-07T08:39:45","guid":{"rendered":"http:\/\/www.rvfrd.com\/?page_id=165"},"modified":"2013-10-17T03:34:31","modified_gmt":"2013-10-17T07:34:31","slug":"public-education","status":"publish","type":"page","link":"https:\/\/www.rvfrd.com\/?page_id=165","title":{"rendered":"Public Education"},"content":{"rendered":"<p>Unfortunately, many calls to which the RVFRD responds could have been prevented.\u00a0 While the department is always ready to respond quickly, another part of its mission is educating the public on proper fire prevention practices.\u00a0 A few simple things to remember could save your life.\u00a0 Here are some guidelines on playing it safe.<\/p>\n<h2>Smoke Alarms<\/h2>\n<p>Working smoke alarms save lives and can double your chances of surviving a fire.<\/p>\n<ul>\n<ul>\n<li>Install smoke alarms on every level of your home and make sure you test your smoke alarm monthly.<\/li>\n<li>Clean your smoke alarm often and replace the battery at least twice a year.<\/li>\n<li>Making sure that your smoke alarms work properly can save lives!<\/li>\n<table style=\"width: 850px; margin: 0 auto\" >\n<tr>\n<td style=\"width: 400px; text-align: left; padding-right: 30px;\">\n<p> <script src=\"http:\/\/www.usfa.fema.gov\/_scripts\/smokealarm.js\"><\/script><br \/>\n        <noscript><\/p>\n<h4>Install. Inspect. Protect. <em>Smoke alarms save lives.<\/em><\/h4>\n<p>If your smoke alarm was installed <strong>more than 10 years ago<\/strong>, it needs to be <em>replaced<\/em>. <a href=\"http:\/\/www.usfa.fema.gov\/campaigns\/smokealarms\/\">Find Out More at the U.S. Fire Administration&#8217;s web site. &raquo;<\/a><\/p>\n<p>        <\/noscript>\t\t<\/p>\n<td style=\"width: 400px; text-align: left; padding-right: 30px;\">\n  <script src=\"http:\/\/www.usfa.fema.gov\/_scripts\/smokealarm_es.js\"><\/script><br \/>\n        <noscript><\/p>\n<h4>Instale. Revise. Proyeja. <em>Los detectores de humo salvan vidas.<\/em><\/h4>\n<p>Si su alarma de humo se instal\u00f3 hace <strong>m\u00e1s de 10 a\u00f1os<\/strong>, que necesita ser <em>reemplazado<\/em>. <a href=\"http:\/\/www.usfa.fema.gov\/espanol\/detectoresdehumo\/\">Obtenga m\u00e1s informaci\u00f3n en el sitio web, los EE.UU. Administraci\u00f3n de Incendios. &raquo;<\/a><\/p>\n<p>   <\/noscript><\/p>\n<\/td>\n<\/tr>\n<\/table>\n<\/ul>\n<\/ul>\n<h2>Heating<\/h2>\n<p><strong>Wood stove or Fireplace<\/strong><br \/>\nNo matter what your heating with, there are safety measures you can take to prevent fire.<\/p>\n<ul>\n<li>Have your chimney or wood stove inspected and cleaned annually by a certified chimney specialist.<\/li>\n<li>Make sure that the area around the hearth is clear of debris, decorations and flamable materials.<\/li>\n<li>Use metal mesh screen with fireplaces and leave glass doors open while burning a fire.<\/li>\n<li>You can install stovepipe thermometers to monitor flue temperatures.<\/li>\n<li>Never restrict air supply to fireplaces.<\/li>\n<li>Use fire resistant materials on walls around wood stoves.<\/li>\n<li>Do not burn green wood, artificial logs or trash in your fireplace or wood stove. Use seasoned wood only.<\/li>\n<li>Never leave a fireplace unattended, you should put out before leaving the house or going to bed.<\/li>\n<li>Soak hot ashes in water and place them in a metal container outside the home.<\/li>\n<\/ul>\n<p><strong>Kerosene Heaters<\/strong><\/p>\n<ul>\n<li>If you use a kerosene heater, make sure you use the recommended fuel only.<\/li>\n<li>Always refuel outdoors safety away from your home.<\/li>\n<li>Allow the heater to cool before refueling.<\/li>\n<\/ul>\n","protected":false},"excerpt":{"rendered":"<p>Unfortunately, many calls to which the RVFRD responds could have been prevented.\u00a0 While the department is always ready to respond quickly, another part of its mission is educating the public on proper fire prevention practices.\u00a0 A few simple things to &hellip; <a href=\"https:\/\/www.rvfrd.com\/?page_id=165\">Continue reading <span class=\"meta-nav\">&rarr;<\/span><\/a><\/p>\n","protected":false},"author":1,"featured_media":0,"parent":0,"menu_order":0,"comment_status":"closed","ping_status":"closed","template":"","meta":{"ngg_post_thumbnail":0,"footnotes":""},"class_list":["post-165","page","type-page","status-publish","hentry"],"_links":{"self":[{"href":"https:\/\/www.rvfrd.com\/index.php?rest_route=\/wp\/v2\/pages\/165","targetHints":{"allow":["GET"]}}],"collection":[{"href":"https:\/\/www.rvfrd.com\/index.php?rest_route=\/wp\/v2\/pages"}],"about":[{"href":"https:\/\/www.rvfrd.com\/index.php?rest_route=\/wp\/v2\/types\/page"}],"author":[{"embeddable":true,"href":"https:\/\/www.rvfrd.com\/index.php?rest_route=\/wp\/v2\/users\/1"}],"replies":[{"embeddable":true,"href":"https:\/\/www.rvfrd.com\/index.php?rest_route=%2Fwp%2Fv2%2Fcomments&post=165"}],"version-history":[{"count":39,"href":"https:\/\/www.rvfrd.com\/index.php?rest_route=\/wp\/v2\/pages\/165\/revisions"}],"predecessor-version":[{"id":359,"href":"https:\/\/www.rvfrd.com\/index.php?rest_route=\/wp\/v2\/pages\/165\/revisions\/359"}],"wp:attachment":[{"href":"https:\/\/www.rvfrd.com\/index.php?rest_route=%2Fwp%2Fv2%2Fmedia&parent=165"}],"curies":[{"name":"wp","href":"https:\/\/api.w.org\/{rel}","templated":true}]}}